{"id":27,"date":"2015-06-14T10:34:29","date_gmt":"2015-06-14T10:34:29","guid":{"rendered":"http:\/\/goldenworks.eu\/demos\/rp_wordpress\/?page_id=27"},"modified":"2019-06-28T16:12:09","modified_gmt":"2019-06-28T16:12:09","slug":"sanches-tonini-advogados-escritorio-de-advocacia","status":"publish","type":"page","link":"https:\/\/www.sanchestonini.com.br\/website\/","title":{"rendered":"Sanches Tonini Advogados &#8211; Escrit\u00f3rio de Advocacia"},"content":{"rendered":"<p><!-- Global Site Tag (gtag.js) - Google Analytics --><br \/>\n<script src=\"https:\/\/www.googletagmanager.com\/gtag\/js?id=44750188\" async=\"\"><\/script><script>\/\/ <![CDATA[\nwindow.dataLayer = window.dataLayer || []; function gtag(){dataLayer.push(arguments);} gtag('js', new Date()); gtag('config', 'GA_TRACKING_ID');\n\/\/ ]]><\/script><br \/>\n<hr class=\"gw-spacing clearboth \" style=\"height: 6px\" \/>\n<h2>Atua\u00e7\u00e3o<\/h2>\n<hr class=\"gw-spacing clearboth \" style=\"height: 6px\" \/>\n<span class=\"gw-tagline\">solu\u00e7\u00f5es\u00a0jur\u00eddicas personalizadas e de qualidade.\u00a0<\/span>\n<div data-canvas-width=\"501.1344061793999\">Um\u00a0Escrit\u00f3rio de Advocacia com foco no desenvolvimento, constru\u00e7\u00e3o e\u00a0aplica\u00e7\u00e3o de solu\u00e7\u00f5es\u00a0jur\u00eddicas personalizadas e de qualidade, em rela\u00e7\u00f5es corporativas e pessoais\u00a0nos mais variados segmentos do Direito.<\/div>\n<hr class=\"gw-spacing clearboth \" style=\"height: 50px\" \/>\n<div class=\"owl-latestport\"><div class=\"item\"><article class=\"entry-portfolio\"><div class=\"imgp-wrapper\"><div class=\"imgp-zoom\"><a href=\"https:\/\/www.sanchestonini.com.br\/website\/wp-content\/uploads\/2015\/10\/societario.jpg\" class=\"magnific-popup-port\"><i class=\"fa fa-plus\"><\/i><\/a><\/div><a href=\"https:\/\/www.sanchestonini.com.br\/website\/portfolio\/societario-2\/\"><img loading=\"lazy\" decoding=\"async\" width=\"500\" height=\"334\" src=\"https:\/\/www.sanchestonini.com.br\/website\/wp-content\/uploads\/2015\/10\/societario.jpg\" class=\"attachment-port-thumb size-port-thumb wp-post-image\" alt=\"\" srcset=\"https:\/\/www.sanchestonini.com.br\/website\/wp-content\/uploads\/2015\/10\/societario.jpg 500w, https:\/\/www.sanchestonini.com.br\/website\/wp-content\/uploads\/2015\/10\/societario-300x200.jpg 300w, https:\/\/www.sanchestonini.com.br\/website\/wp-content\/uploads\/2015\/10\/societario-261x174.jpg 261w\" sizes=\"(max-width: 500px) 100vw, 500px\" \/><\/a><\/div><div class=\"clearboth\"><\/div><h4 class=\"gwport-title\"><a href=\"https:\/\/www.sanchestonini.com.br\/website\/portfolio\/societario-2\/\">Societ\u00e1rio<\/a><\/h4><div class=\"port-category\"><\/div><div class=\"gw-divider-double\"><\/div><\/article><\/div><div class=\"item\"><article class=\"entry-portfolio\"><div class=\"imgp-wrapper\"><div class=\"imgp-zoom\"><a href=\"https:\/\/www.sanchestonini.com.br\/website\/wp-content\/uploads\/2015\/10\/contratual.jpg\" class=\"magnific-popup-port\"><i class=\"fa fa-plus\"><\/i><\/a><\/div><a href=\"https:\/\/www.sanchestonini.com.br\/website\/portfolio\/contratual\/\"><img loading=\"lazy\" decoding=\"async\" width=\"500\" height=\"334\" src=\"https:\/\/www.sanchestonini.com.br\/website\/wp-content\/uploads\/2015\/10\/contratual.jpg\" class=\"attachment-port-thumb size-port-thumb wp-post-image\" alt=\"\" srcset=\"https:\/\/www.sanchestonini.com.br\/website\/wp-content\/uploads\/2015\/10\/contratual.jpg 500w, https:\/\/www.sanchestonini.com.br\/website\/wp-content\/uploads\/2015\/10\/contratual-300x200.jpg 300w, https:\/\/www.sanchestonini.com.br\/website\/wp-content\/uploads\/2015\/10\/contratual-261x174.jpg 261w\" sizes=\"(max-width: 500px) 100vw, 500px\" \/><\/a><\/div><div class=\"clearboth\"><\/div><h4 class=\"gwport-title\"><a href=\"https:\/\/www.sanchestonini.com.br\/website\/portfolio\/contratual\/\">Assessoria Contratual<\/a><\/h4><div class=\"port-category\"><\/div><div class=\"gw-divider-double\"><\/div><\/article><\/div><div class=\"item\"><article class=\"entry-portfolio\"><div class=\"imgp-wrapper\"><div class=\"imgp-zoom\"><a href=\"https:\/\/www.sanchestonini.com.br\/website\/wp-content\/uploads\/2015\/10\/administrativo.jpg\" class=\"magnific-popup-port\"><i class=\"fa fa-plus\"><\/i><\/a><\/div><a href=\"https:\/\/www.sanchestonini.com.br\/website\/portfolio\/administrativo\/\"><img loading=\"lazy\" decoding=\"async\" width=\"500\" height=\"334\" src=\"https:\/\/www.sanchestonini.com.br\/website\/wp-content\/uploads\/2015\/10\/administrativo.jpg\" class=\"attachment-port-thumb size-port-thumb wp-post-image\" alt=\"\" srcset=\"https:\/\/www.sanchestonini.com.br\/website\/wp-content\/uploads\/2015\/10\/administrativo.jpg 500w, https:\/\/www.sanchestonini.com.br\/website\/wp-content\/uploads\/2015\/10\/administrativo-300x200.jpg 300w, https:\/\/www.sanchestonini.com.br\/website\/wp-content\/uploads\/2015\/10\/administrativo-261x174.jpg 261w\" sizes=\"(max-width: 500px) 100vw, 500px\" \/><\/a><\/div><div class=\"clearboth\"><\/div><h4 class=\"gwport-title\"><a href=\"https:\/\/www.sanchestonini.com.br\/website\/portfolio\/administrativo\/\">Administrativo<\/a><\/h4><div class=\"port-category\"><\/div><div class=\"gw-divider-double\"><\/div><\/article><\/div><div class=\"item\"><article class=\"entry-portfolio\"><div class=\"imgp-wrapper\"><div class=\"imgp-zoom\"><a href=\"https:\/\/www.sanchestonini.com.br\/website\/wp-content\/uploads\/2015\/10\/dir-previdenciario.jpg\" class=\"magnific-popup-port\"><i class=\"fa fa-plus\"><\/i><\/a><\/div><a href=\"https:\/\/www.sanchestonini.com.br\/website\/portfolio\/societario-2-2-4\/\"><img loading=\"lazy\" decoding=\"async\" width=\"500\" height=\"334\" src=\"https:\/\/www.sanchestonini.com.br\/website\/wp-content\/uploads\/2015\/10\/dir-previdenciario.jpg\" class=\"attachment-port-thumb size-port-thumb wp-post-image\" alt=\"\" srcset=\"https:\/\/www.sanchestonini.com.br\/website\/wp-content\/uploads\/2015\/10\/dir-previdenciario.jpg 500w, https:\/\/www.sanchestonini.com.br\/website\/wp-content\/uploads\/2015\/10\/dir-previdenciario-300x200.jpg 300w, https:\/\/www.sanchestonini.com.br\/website\/wp-content\/uploads\/2015\/10\/dir-previdenciario-261x174.jpg 261w\" sizes=\"(max-width: 500px) 100vw, 500px\" \/><\/a><\/div><div class=\"clearboth\"><\/div><h4 class=\"gwport-title\"><a href=\"https:\/\/www.sanchestonini.com.br\/website\/portfolio\/societario-2-2-4\/\">Previdenci\u00e1rio<\/a><\/h4><div class=\"port-category\"><\/div><div class=\"gw-divider-double\"><\/div><\/article><\/div><div class=\"item\"><article class=\"entry-portfolio\"><div class=\"imgp-wrapper\"><div class=\"imgp-zoom\"><a href=\"https:\/\/www.sanchestonini.com.br\/website\/wp-content\/uploads\/2015\/10\/bancario.jpg\" class=\"magnific-popup-port\"><i class=\"fa fa-plus\"><\/i><\/a><\/div><a href=\"https:\/\/www.sanchestonini.com.br\/website\/portfolio\/bancario\/\"><img loading=\"lazy\" decoding=\"async\" width=\"500\" height=\"334\" src=\"https:\/\/www.sanchestonini.com.br\/website\/wp-content\/uploads\/2015\/10\/bancario.jpg\" class=\"attachment-port-thumb size-port-thumb wp-post-image\" alt=\"\" srcset=\"https:\/\/www.sanchestonini.com.br\/website\/wp-content\/uploads\/2015\/10\/bancario.jpg 500w, https:\/\/www.sanchestonini.com.br\/website\/wp-content\/uploads\/2015\/10\/bancario-300x200.jpg 300w, https:\/\/www.sanchestonini.com.br\/website\/wp-content\/uploads\/2015\/10\/bancario-261x174.jpg 261w\" sizes=\"(max-width: 500px) 100vw, 500px\" \/><\/a><\/div><div class=\"clearboth\"><\/div><h4 class=\"gwport-title\"><a href=\"https:\/\/www.sanchestonini.com.br\/website\/portfolio\/bancario\/\">Banc\u00e1rio<\/a><\/h4><div class=\"port-category\"><\/div><div class=\"gw-divider-double\"><\/div><\/article><\/div><div class=\"item\"><article class=\"entry-portfolio\"><div class=\"imgp-wrapper\"><div class=\"imgp-zoom\"><a href=\"https:\/\/www.sanchestonini.com.br\/website\/wp-content\/uploads\/2015\/10\/tributario.jpg\" class=\"magnific-popup-port\"><i class=\"fa fa-plus\"><\/i><\/a><\/div><a href=\"https:\/\/www.sanchestonini.com.br\/website\/portfolio\/direito-tributario\/\"><img loading=\"lazy\" decoding=\"async\" width=\"500\" height=\"334\" src=\"https:\/\/www.sanchestonini.com.br\/website\/wp-content\/uploads\/2015\/10\/tributario.jpg\" class=\"attachment-port-thumb size-port-thumb wp-post-image\" alt=\"\" srcset=\"https:\/\/www.sanchestonini.com.br\/website\/wp-content\/uploads\/2015\/10\/tributario.jpg 500w, https:\/\/www.sanchestonini.com.br\/website\/wp-content\/uploads\/2015\/10\/tributario-300x200.jpg 300w, https:\/\/www.sanchestonini.com.br\/website\/wp-content\/uploads\/2015\/10\/tributario-261x174.jpg 261w\" sizes=\"(max-width: 500px) 100vw, 500px\" \/><\/a><\/div><div class=\"clearboth\"><\/div><h4 class=\"gwport-title\"><a href=\"https:\/\/www.sanchestonini.com.br\/website\/portfolio\/direito-tributario\/\">Direito Tribut\u00e1rio<\/a><\/h4><div class=\"port-category\"><\/div><div class=\"gw-divider-double\"><\/div><\/article><\/div><div class=\"item\"><article class=\"entry-portfolio\"><div class=\"imgp-wrapper\"><div class=\"imgp-zoom\"><a href=\"https:\/\/www.sanchestonini.com.br\/website\/wp-content\/uploads\/2015\/10\/civil.jpg\" class=\"magnific-popup-port\"><i class=\"fa fa-plus\"><\/i><\/a><\/div><a href=\"https:\/\/www.sanchestonini.com.br\/website\/portfolio\/civil\/\"><img loading=\"lazy\" decoding=\"async\" width=\"500\" height=\"334\" src=\"https:\/\/www.sanchestonini.com.br\/website\/wp-content\/uploads\/2015\/10\/civil.jpg\" class=\"attachment-port-thumb size-port-thumb wp-post-image\" alt=\"\" srcset=\"https:\/\/www.sanchestonini.com.br\/website\/wp-content\/uploads\/2015\/10\/civil.jpg 500w, https:\/\/www.sanchestonini.com.br\/website\/wp-content\/uploads\/2015\/10\/civil-300x200.jpg 300w, https:\/\/www.sanchestonini.com.br\/website\/wp-content\/uploads\/2015\/10\/civil-261x174.jpg 261w\" sizes=\"(max-width: 500px) 100vw, 500px\" \/><\/a><\/div><div class=\"clearboth\"><\/div><h4 class=\"gwport-title\"><a href=\"https:\/\/www.sanchestonini.com.br\/website\/portfolio\/civil\/\">C\u00edvel<\/a><\/h4><div class=\"port-category\"><\/div><div class=\"gw-divider-double\"><\/div><\/article><\/div><div class=\"item\"><article class=\"entry-portfolio\"><div class=\"imgp-wrapper\"><div class=\"imgp-zoom\"><a href=\"https:\/\/www.sanchestonini.com.br\/website\/wp-content\/uploads\/2015\/10\/ambiental.jpg\" class=\"magnific-popup-port\"><i class=\"fa fa-plus\"><\/i><\/a><\/div><a href=\"https:\/\/www.sanchestonini.com.br\/website\/portfolio\/ambiental\/\"><img loading=\"lazy\" decoding=\"async\" width=\"500\" height=\"334\" src=\"https:\/\/www.sanchestonini.com.br\/website\/wp-content\/uploads\/2015\/10\/ambiental.jpg\" class=\"attachment-port-thumb size-port-thumb wp-post-image\" alt=\"\" srcset=\"https:\/\/www.sanchestonini.com.br\/website\/wp-content\/uploads\/2015\/10\/ambiental.jpg 500w, https:\/\/www.sanchestonini.com.br\/website\/wp-content\/uploads\/2015\/10\/ambiental-300x200.jpg 300w, https:\/\/www.sanchestonini.com.br\/website\/wp-content\/uploads\/2015\/10\/ambiental-261x174.jpg 261w\" sizes=\"(max-width: 500px) 100vw, 500px\" \/><\/a><\/div><div class=\"clearboth\"><\/div><h4 class=\"gwport-title\"><a href=\"https:\/\/www.sanchestonini.com.br\/website\/portfolio\/ambiental\/\">Ambiental e Urban\u00edstico<\/a><\/h4><div class=\"port-category\"><\/div><div class=\"gw-divider-double\"><\/div><\/article><\/div><div class=\"item\"><article class=\"entry-portfolio\"><div class=\"imgp-wrapper\"><div class=\"imgp-zoom\"><a href=\"https:\/\/www.sanchestonini.com.br\/website\/wp-content\/uploads\/2015\/10\/telecom.jpg\" class=\"magnific-popup-port\"><i class=\"fa fa-plus\"><\/i><\/a><\/div><a href=\"https:\/\/www.sanchestonini.com.br\/website\/portfolio\/telecomunicacoes-midia\/\"><img loading=\"lazy\" decoding=\"async\" width=\"500\" height=\"334\" src=\"https:\/\/www.sanchestonini.com.br\/website\/wp-content\/uploads\/2015\/10\/telecom.jpg\" class=\"attachment-port-thumb size-port-thumb wp-post-image\" alt=\"\" srcset=\"https:\/\/www.sanchestonini.com.br\/website\/wp-content\/uploads\/2015\/10\/telecom.jpg 500w, https:\/\/www.sanchestonini.com.br\/website\/wp-content\/uploads\/2015\/10\/telecom-300x200.jpg 300w, https:\/\/www.sanchestonini.com.br\/website\/wp-content\/uploads\/2015\/10\/telecom-261x174.jpg 261w\" sizes=\"(max-width: 500px) 100vw, 500px\" \/><\/a><\/div><div class=\"clearboth\"><\/div><h4 class=\"gwport-title\"><a href=\"https:\/\/www.sanchestonini.com.br\/website\/portfolio\/telecomunicacoes-midia\/\">Telecomunica\u00e7\u00e3o  e M\u00eddia<\/a><\/h4><div class=\"port-category\"><\/div><div class=\"gw-divider-double\"><\/div><\/article><\/div><div class=\"item\"><article class=\"entry-portfolio\"><div class=\"imgp-wrapper\"><div class=\"imgp-zoom\"><a href=\"https:\/\/www.sanchestonini.com.br\/website\/wp-content\/uploads\/2015\/10\/penal-adm.jpg\" class=\"magnific-popup-port\"><i class=\"fa fa-plus\"><\/i><\/a><\/div><a href=\"https:\/\/www.sanchestonini.com.br\/website\/portfolio\/penal-empresarial\/\"><img loading=\"lazy\" decoding=\"async\" width=\"500\" height=\"334\" src=\"https:\/\/www.sanchestonini.com.br\/website\/wp-content\/uploads\/2015\/10\/penal-adm.jpg\" class=\"attachment-port-thumb size-port-thumb wp-post-image\" alt=\"\" srcset=\"https:\/\/www.sanchestonini.com.br\/website\/wp-content\/uploads\/2015\/10\/penal-adm.jpg 500w, https:\/\/www.sanchestonini.com.br\/website\/wp-content\/uploads\/2015\/10\/penal-adm-300x200.jpg 300w, https:\/\/www.sanchestonini.com.br\/website\/wp-content\/uploads\/2015\/10\/penal-adm-261x174.jpg 261w\" sizes=\"(max-width: 500px) 100vw, 500px\" \/><\/a><\/div><div class=\"clearboth\"><\/div><h4 class=\"gwport-title\"><a href=\"https:\/\/www.sanchestonini.com.br\/website\/portfolio\/penal-empresarial\/\">Penal Empresarial<\/a><\/h4><div class=\"port-category\"><\/div><div class=\"gw-divider-double\"><\/div><\/article><\/div><div class=\"item\"><article class=\"entry-portfolio\"><div class=\"imgp-wrapper\"><div class=\"imgp-zoom\"><a href=\"https:\/\/www.sanchestonini.com.br\/website\/wp-content\/uploads\/2015\/10\/relacoes.jpg\" class=\"magnific-popup-port\"><i class=\"fa fa-plus\"><\/i><\/a><\/div><a href=\"https:\/\/www.sanchestonini.com.br\/website\/portfolio\/consumo\/\"><img loading=\"lazy\" decoding=\"async\" width=\"500\" height=\"334\" src=\"https:\/\/www.sanchestonini.com.br\/website\/wp-content\/uploads\/2015\/10\/relacoes.jpg\" class=\"attachment-port-thumb size-port-thumb wp-post-image\" alt=\"\" srcset=\"https:\/\/www.sanchestonini.com.br\/website\/wp-content\/uploads\/2015\/10\/relacoes.jpg 500w, https:\/\/www.sanchestonini.com.br\/website\/wp-content\/uploads\/2015\/10\/relacoes-300x200.jpg 300w, https:\/\/www.sanchestonini.com.br\/website\/wp-content\/uploads\/2015\/10\/relacoes-261x174.jpg 261w\" sizes=\"(max-width: 500px) 100vw, 500px\" \/><\/a><\/div><div class=\"clearboth\"><\/div><h4 class=\"gwport-title\"><a href=\"https:\/\/www.sanchestonini.com.br\/website\/portfolio\/consumo\/\">Rela\u00e7\u00f5es de Consumo<\/a><\/h4><div class=\"port-category\"><\/div><div class=\"gw-divider-double\"><\/div><\/article><\/div><div class=\"item\"><article class=\"entry-portfolio\"><div class=\"imgp-wrapper\"><div class=\"imgp-zoom\"><a href=\"https:\/\/www.sanchestonini.com.br\/website\/wp-content\/uploads\/2015\/10\/imobiliario.jpg\" class=\"magnific-popup-port\"><i class=\"fa fa-plus\"><\/i><\/a><\/div><a href=\"https:\/\/www.sanchestonini.com.br\/website\/portfolio\/imobiliario\/\"><img loading=\"lazy\" decoding=\"async\" width=\"500\" height=\"334\" src=\"https:\/\/www.sanchestonini.com.br\/website\/wp-content\/uploads\/2015\/10\/imobiliario.jpg\" class=\"attachment-port-thumb size-port-thumb wp-post-image\" alt=\"\" srcset=\"https:\/\/www.sanchestonini.com.br\/website\/wp-content\/uploads\/2015\/10\/imobiliario.jpg 500w, https:\/\/www.sanchestonini.com.br\/website\/wp-content\/uploads\/2015\/10\/imobiliario-300x200.jpg 300w, https:\/\/www.sanchestonini.com.br\/website\/wp-content\/uploads\/2015\/10\/imobiliario-261x174.jpg 261w\" sizes=\"(max-width: 500px) 100vw, 500px\" \/><\/a><\/div><div class=\"clearboth\"><\/div><h4 class=\"gwport-title\"><a href=\"https:\/\/www.sanchestonini.com.br\/website\/portfolio\/imobiliario\/\">Assessoria Imobili\u00e1ria<\/a><\/h4><div class=\"port-category\"><\/div><div class=\"gw-divider-double\"><\/div><\/article><\/div><div class=\"item\"><article class=\"entry-portfolio\"><div class=\"imgp-wrapper\"><div class=\"imgp-zoom\"><a href=\"https:\/\/www.sanchestonini.com.br\/website\/wp-content\/uploads\/2015\/10\/previdenciario.jpg\" class=\"magnific-popup-port\"><i class=\"fa fa-plus\"><\/i><\/a><\/div><a href=\"https:\/\/www.sanchestonini.com.br\/website\/portfolio\/trabalhista\/\"><img loading=\"lazy\" decoding=\"async\" width=\"500\" height=\"334\" src=\"https:\/\/www.sanchestonini.com.br\/website\/wp-content\/uploads\/2015\/10\/previdenciario.jpg\" class=\"attachment-port-thumb size-port-thumb wp-post-image\" alt=\"\" srcset=\"https:\/\/www.sanchestonini.com.br\/website\/wp-content\/uploads\/2015\/10\/previdenciario.jpg 500w, https:\/\/www.sanchestonini.com.br\/website\/wp-content\/uploads\/2015\/10\/previdenciario-300x200.jpg 300w, https:\/\/www.sanchestonini.com.br\/website\/wp-content\/uploads\/2015\/10\/previdenciario-261x174.jpg 261w\" sizes=\"(max-width: 500px) 100vw, 500px\" \/><\/a><\/div><div class=\"clearboth\"><\/div><h4 class=\"gwport-title\"><a href=\"https:\/\/www.sanchestonini.com.br\/website\/portfolio\/trabalhista\/\">Direito Trabalhista<\/a><\/h4><div class=\"port-category\"><\/div><div class=\"gw-divider-double\"><\/div><\/article><\/div><\/div>\n<hr class=\"gw-spacing clearboth \" style=\"height: 52px\" \/>\n<h2>Siga nosso perfil no Instagram<\/h2>\n<hr class=\"gw-spacing clearboth \" style=\"height: 12px\" \/>\n\n<div id=\"sb_instagram\"  class=\"sbi sbi_mob_col_1 sbi_tab_col_2 sbi_col_5 sbi_width_resp\" style=\"padding-bottom: 6px;width: 100%;\" data-feedid=\"sbi_#5\"  data-res=\"auto\" data-cols=\"5\" data-colsmobile=\"1\" data-colstablet=\"2\" data-num=\"5\" data-nummobile=\"\" data-item-padding=\"3\" data-shortcode-atts=\"{&quot;cachetime&quot;:720}\"  data-postid=\"618\" data-locatornonce=\"c4bb6a546b\" data-sbi-flags=\"favorLocal\">\n\t\n    <div id=\"sbi_images\"  style=\"gap: 6px;\">\n\t\t    <\/div>\n\n\t<div id=\"sbi_load\" >\n\n\t\n\t\n<\/div>\n\n\t    <span class=\"sbi_resized_image_data\" data-feed-id=\"sbi_#5\" data-resized=\"[]\">\n\t<\/span>\n\t<\/div>\n\n\n<hr class=\"gw-spacing clearboth \" style=\"height: 52px\" \/>\n<\/div><\/div><div class=\"contentbar \" style=\"\">\n<section class=\"contentbar-section\" style=\"background-color:#57b4bc;color:#fff;\"><div class=\"container-fluid\">\n<div class=\"row\">\n<div class=\"col-md-8\">\n<hr class=\"gw-spacing clearboth \" style=\"height: 52px\" \/>\n<h4 style=\"text-align: center;\">Entre em contato e agende uma reuni\u00e3o:\u00a0 (14) 3732 8277<\/h4>\n<hr class=\"gw-spacing clearboth \" style=\"height: 50px\" \/>\n<\/div>\n<div class=\"col-md-4\">\n<hr class=\"gw-spacing clearboth \" style=\"height: 40px\" \/>\n<p class=\"aligncenter\"><a href=\"http:\/\/www.sanchestonini.com.br\/website\/?page_id=13\" class=\"gw-btn gwb-white\" >via e-mail<\/a>\n<hr class=\"gw-spacing clearboth \" style=\"height: 30px\" \/>\n<\/div>\n<\/div>\n<\/div><\/section>\n<\/div><div class=\"container-fluid\"><div class=\"content\">\n","protected":false},"excerpt":{"rendered":"<p>Atua\u00e7\u00e3o Um\u00a0Escrit\u00f3rio de Advocacia com foco no desenvolvimento, constru\u00e7\u00e3o e\u00a0aplica\u00e7\u00e3o de solu\u00e7\u00f5es\u00a0jur\u00eddicas personalizadas e de qualidade, em rela\u00e7\u00f5es corporativas e pessoais\u00a0nos mais variados segmentos do Direito. Siga nosso perfil no Instagram<\/p>\n","protected":false},"author":1,"featured_media":0,"parent":0,"menu_order":4,"comment_status":"closed","ping_status":"closed","template":"template-homepage.php","meta":{"footnotes":"","_joinchat":[]},"_links":{"self":[{"href":"https:\/\/www.sanchestonini.com.br\/website\/wp-json\/wp\/v2\/pages\/27"}],"collection":[{"href":"https:\/\/www.sanchestonini.com.br\/website\/wp-json\/wp\/v2\/pages"}],"about":[{"href":"https:\/\/www.sanchestonini.com.br\/website\/wp-json\/wp\/v2\/types\/page"}],"author":[{"embeddable":true,"href":"https:\/\/www.sanchestonini.com.br\/website\/wp-json\/wp\/v2\/users\/1"}],"replies":[{"embeddable":true,"href":"https:\/\/www.sanchestonini.com.br\/website\/wp-json\/wp\/v2\/comments?post=27"}],"version-history":[{"count":34,"href":"https:\/\/www.sanchestonini.com.br\/website\/wp-json\/wp\/v2\/pages\/27\/revisions"}],"predecessor-version":[{"id":1267,"href":"https:\/\/www.sanchestonini.com.br\/website\/wp-json\/wp\/v2\/pages\/27\/revisions\/1267"}],"wp:attachment":[{"href":"https:\/\/www.sanchestonini.com.br\/website\/wp-json\/wp\/v2\/media?parent=27"}],"curies":[{"name":"wp","href":"https:\/\/api.w.org\/{rel}","templated":true}]}}